3/(-2)*600/36. Let g = 25 + c. Let k(n) = 0 + 7 - 7*n + g - 2*n**2 - 13. Calculate k(-4).
-10
Let s = 53 + -50. Let n(y) = y. Let m(f) = 6 - f - f - 5. Let x(q) = s*n(q) - m(q). What is x(-1)?
-6
Let f = -704 + 704. Let w(d) be the second derivative of -3*d + 1/6*d**3 + 0 - 7/2*d**2 - 1/12*d**4. What is w(f)?
-7
Let k(j) = -30*j + 29. Let r(w) = 74*w - 57. Let i(a) = 5*k(a) + 2*r(a). Determine i(13).
5
Let s = -48 + 49. Let o(m) = -23*m - 89*m + 3 + 113*m. Calculate o(s).
4
Let i(g) = 18*g**3 + 2*g**2 + 8*g - 9. Let a = 6507 + -6506. Determine i(a).
19
Let p be (-2)/(-7) - 6/21. Suppose -41 = 37*r - 152. Suppose 0*h + p*h = -r*h. Let s(z) = z + 4. What is s(h)?
4
Suppose -3*s + 13 = 10. Let g(x) = -s + 78*x - 81*x - 2. Give g(4).
-15
Let y(x) = -2 + 522764*x + 5 - 522771*x + 2 + x**2. Determine y(1).
-1
Suppose -5*m = -63*y + 67*y - 57, -5*y + 66 = m. Let h(w) = w - 3. Determine h(y).
10
Let o = 14922 + -14922. Let f(i) = 44*i - 1. Give f(o).
-1
Let g = -6 - -11. Let b(o) = -21*o**2 - 2*o - 23. Let k(h) = -16*h**2 - 19. Let u(f) = -3*b(f) + 4*k(f). Determine u(g).
-2
Let l(x) = x**2 + 18*x + 4. Suppose 6*q = -112 + 4. Let b be l(q). Let t(y) = -343*y**2 + 330*y**2 - 4*y + b*y. Calculate t(1).
-13
Let k(s) = -s**3 - 4*s**2 - 5. Let a(l) = -7*l - 60. Suppose 33 = -4*g + 1. Let v be a(g). Calculate k(v).
-5
Let y = -16 - 0. Let h = y + 19. Let z(o) = -4*o**2 + 3*o + 4. Let a(r) = 3*r**2 - 3*r - 4. Let u(g) = 3*a(g) + 2*z(g). What is u(h)?
-4
Suppose 64 = -25*t + 17*t. Let p be (t/(-24))/(-4 + 295/75). Let a(n) = -n**3 - 4*n**2 + 5*n - 5. What is a(p)?
-5
Let q(r) = 12*r**2 + 8*r - 7. Let h(a) = 17*a**2 + 11*a - 10. Let g(c) = 5*h(c) - 7*q(c). Let t(y) = -y + 3. Let z(o) = g(o) + t(o). Give z(-5).
37
Let y(o) = o**2 + 8*o + 1. Suppose 3*g + 75 = 1752. Let t be (-108)/26 - (-86)/g. Calculate y(t).
-15
Let y(t) be the third derivative of -7*t**6/60 - t**5/30 + t**4/24 + t**3/2 + 22*t**2. Let p be y(-1). Let r(a) = 16 + p*a - 7 - 15*a. Calculate r(7).
2
Suppose -17 + 5 = -3*l. Let t = l + -5. Let v(b) = b**2 - b + 22. Let q(w) = -7*w**2 - 7*w + 132. Let h(s) = -q(s) + 6*v(s). Determine h(t).
12
Let z = 4942 + -4943. Let b(a) = -6*a - 4. Let r(k) = -17*k - 11. Let s(l) = 8*b(l) - 3*r(l). Give s(z).
-2
Let y be -9 + (-252)/(-27) + (-20)/(-3). Let g(q) be the second derivative of -q**4/12 + 7*q**3/6 + q**2/2 + 49*q. Calculate g(y).
1
Let q(c) = -2*c**2 + c. Let i(h) = 13*h**2 - 7*h - 20. Let v(m) = -i(m) - 6*q(m). Give v(-6).
-22
Let b(o) = 7*o**3 + 12*o**2 + 7*o + 9. Let s = -733 - -728. Let x(k) = 11*k**3 + 10*k + 6 + 18*k**2 + 11 - 3. Let c(n) = s*x(n) + 8*b(n). Determine c(-4).
10
Let o = 1983 - 1975. Let q(w) = -8*w + 64. Give q(o).
0
Let r(z) = 3*z - 9. Suppose 4*q - q - a - 2 = 0, -q - 5*a - 26 = 0. Let f(k) = -68*k - 4. Let u be f(q). Let h = -57 + u. Give r(h).
12
Suppose -2*o + 29*j = 31*j - 26, -5*j = 3*o - 47. Let y(p) = -p**2 + 10*p - 14. Calculate y(o).
-5
Suppose -3*g - 15 = 0, r + g + 8 = -24. Let s be (-2*1)/(3/(r/6)). Let f(j) = 7*j**2 - 7*j + 4 + 1 - 5 - j**s - 2. Give f(6).
-8
Let h(m) = 12*m + 2 - 2*m - 19*m. Let r(l) = 3*l**2 + 5*l + 3. Let c be r(-1). Calculate h(c).
-7
Let w(r) = 183*r**2 + 179*r**2 + 18*r + 182*r**2 - 15 - 11 - 546*r**2. Determine w(6).
10
Let a(m) = m**2 - 4*m + 3 - 5*m**2 + m**2. Suppose 4*c + 5*d = 18, -c + 10 = -120*d + 124*d. Determine a(c).
-17
Let p = -16705 - -16703. Let y(u) = -16*u**3 + 3. What is y(p)?
131
Let i(c) = 4*c**3 - c - 2. Let k(n) = -n**3 - n**2 - n - 2. Let l be k(-2). Suppose 0*p - l*t = 5*p - 14, 2 = 2*t. Calculate i(p).
28
Let f be ((-1)/6*198/(-1320))/3. Let j(k) be the third derivative of 2*k**3 - k**2 - f*k**6 + 0*k - 2/15*k**5 + 1/12*k**4 + 0. What is j(-8)?
-4
Suppose -5*a + 135 = -15. Let b = 31 - a. Let k(c) = 7*c - 4. Let w(u) = 1. Let j(h) = b*k(h) + 6*w(h). Give j(-3).
-19
Let z(k) = -k**3 - 13*k**2 - 6*k + 62. Let p(v) = -9*v**3 + 53*v**2 - 5*v + 54. Let r be p(6). Determine z(r).
-10
Let r(u) be the third derivative of -u**5/20 + u**4/6 + u**3/2 - 3*u**2 - 171*u. Calculate r(-4).
-61
Let z(i) = 17*i - 4. Suppose -210*t = 206*t + 1664. What is z(t)?
-72
Let l(y) = -y**2 - 23*y - 42. Suppose -3*n + 129 = -b + 198, 9 = n + 5*b. Determine l(n).
0
Let j(g) be the first derivative of g**3 + g**2/2 + 32*g + 6171. Calculate j(0).
32
Let f(c) be the third derivative of c**5/60 + 5*c**4/12 - 5*c**3 + 64*c**2 - 13. What is f(-15)?
45
Let d(z) = -6*z**2 - 5*z + 1. Let a be d(-1). Let h(l) = -l**2 + 3 - 8 - 5 + l - 7. Calculate h(a).
-17
Let u be 13 - (2 - 6/(-3)). Let w(k) be the third derivative of -k**4/24 + 13*k**3/6 - 6*k**2 + 3. Calculate w(u).
4
Let d(v) = 9*v**3 - 13*v**2 - 26*v + 9. Let i(u) = 11*u**3 - 14*u**2 - 26*u + 10. Let q(r) = 5*d(r) - 4*i(r). What is q(11)?
-39
Let z(r) = 58*r - 13*r - 239 - 26*r - 13*r + 85. Calculate z(26).
2
Suppose 72 = 61*n - 73*n. Let q be (-24)/(-18)*n/(-4). Let w(k) = -2*k**3 + 2*k**2 - 2*k + 1. Calculate w(q).
-11
Let u(a) be the first derivative of -a**3/3 + 11*a**2/2 - 15*a + 3401. What is u(10)?
-5
Let a(x) be the third derivative of x**5/60 - 7*x**4/24 + 13*x**3/6 - 15*x**2 + 228. Calculate a(4).
1
Suppose -4*i + 5*i + 3 = 0. Let y be 1*2 - 1*(i - 100). Suppose -10*k + y = 5*k. Let r(b) = -b**2 + 6*b + 3. Give r(k).
-4
Let l(o) = -o - 4. Let u(h) = 23*h + 15. Let t(z) = 2*l(z) + u(z). Give t(3).
70
Let t(i) be the first derivative of -i**4/4 - 16*i**3/3 - 13*i**2/2 + 29*i - 206. Let g be t(-15). Let r(f) = -6*f**3 - 2*f**2 + 1. What is r(g)?
5
Suppose -2*n = 18*n - 80. Let p be -2*(2/n)/(1 + 0). Let k(t) = -4*t**3 + t**2 - 1. Calculate k(p).
4
Let i be 2/(4 + 176/(-40)). Let s(f) = -5 - 2*f**2 - 4*f + f**3 + f**2 + 6*f**2. Give s(i).
15
Let n(h) = 2*h + 2*h - 7*h + 6 + 0*h. Suppose -10*s - 554 = -604. Calculate n(s).
-9
Let b(q) be the second derivative of -q**7/840 - q**6/72 - q**5/120 - q**4/6 + 253*q**3/6 - 343*q. Let d(z) be the second derivative of b(z). What is d(-4)?
-16
Let a = -246 - -244. Let z be 7/a + 375/(-50). Let v(j) = j**3 + 10*j**2 - 11*j + 1. Determine v(z).
1
Let j(p) = -7*p**2 + 11*p + 285. Let f be j(7). Let s(z) = -z**2 + 15*z + 70. What is s(f)?
-6
Let u be -8 - (0 - (-4 + 0 - -8)). Let n(y) = 2*y**2 - y + 14. Determine n(u).
50
Let w(m) = m**2 + 1. Let y(i) = 4*i**2 + 3. Let s(z) = 3*w(z) - y(z). Suppose 1 + 41 = 7*r. Suppose -10*n = r*n - 32. What is s(n)?
-4
Let z(w) = -w**2 - w - 21. Suppose -1118*d = -1123*d + 10. Suppose -d*h = -3*y, 2*y + 0*h + 4*h = 0. Determine z(y).
-21
Let t(g) = g**2. Let i(z) = -3*z**2 - 7*z + 9. Let a(s) = -i(s) - 2*t(s). Let w(d) = -d - 53. Let u be w(-45). Calculate a(u).
-1
Let c be (-2)/5 + 132/(-20). Let j(y) = -4 - 4 - 11*y + 6*y + 5. Let d(l) = -4*l - 4. Let i(b) = 4*d(b) - 3*j(b). Calculate i(c).
0
Let s(j) = 66*j + 105. Let p(i) = -18*i - 35. Let v(d) = 7*p(d) + 2*s(d). Give v(6).
1
Let d(b) be the third derivative of -b**6/180 - b**5/24 + b**4/3 + 49*b**3/3 - 2*b**2 - 15. Let o(f) be the first derivative of d(f). Determine o(-6).
-34
Let l = 143 + -141. Let m(i) = 14*i**2 - 7*i - 3 - 9*i**2 - 2 - i**3 - 11*i**l. Determine m(-4).
-9
Let y(d) = -5*d**3 + 4*d**2 + 4*d - 1. Let b(m) be the first derivative of 5/2*m**2 - 3/2*m**4 + 13 - m + 5/3*m**3. Let x(l) = 4*b(l) - 5*y(l). Give x(2).
9
Suppose -7 = 22*v - 21*v. Let w(f) be the first derivative of 11 + 1/2*f**2 + 7/3*f**3 + 1/4*f**4 + 8*f. Determine w(v).
1
Let q(d) be the third derivative of -7*d**4/24 - 23*d**3/6 - 25*d**2 + 4*d + 5. Calculate q(-3).
-2
Let m(s) = -35*s**2 + 9*s + 2. Let q(t) = 122*t**2 - 28*t - 9. Let k(x) = -7*m(x) - 2*q(x). What is k(9)?
22
Let l be (-9)/(-36) + ((-2)/8)/1. Suppose -2*p + 3 + 45 = l. Let c(r) = 17 - p - r**2 + 0*r**2 + 9*r. What is c(8)?
1
Suppose 0 = -4*n - 5*f - 21, 3*n + 3*f + 30 - 18 = 0. Let z(r) be the first derivative of -7/2*r**2 + n + 1/3*r**3 + 9*r. What is z(6)?
3
Suppose 8*x + 2213 = 2357. Let k(q) = q**2 - 20*q + 4. Determine k(x).
-32
Let x(m) = -45*m - 315. Let b be x(-7). Let v(a) = b*a + 4*a + 3*a - 5*a - 10. Suppose 0*o - 3*n = 3*o - 24, 5*o - 5*n - 30 = 0. Give v(o).
4
Let y(q) = -30*q**2 - 4*q + 18. Let d(h) = 15*h**2 + 2*h - 8. Let v(o) = 9*d(o) + 4*y(o). Determine v(-2).
56
Suppose -3*p - 9 = -5*o, 2*o - 2 + 0 = 2*p. Let w(l) = o*l + 8 + 3*l - 5*l. Let k be 24/28